h + 6*h - 45. What is the highest common divisor of h and p?
15
Suppose -l + 4*k = 11, -4*l + 4*k + 3 = -1. Suppose -l*z + b = -15, 0*b + 4*b + 15 = 5*z. Let q be z/6*6 + -2. Calculate the greatest common factor of q and 3.
1
Suppose -5*b = 3*h - 6*h + 281, h = 3*b + 171. Let q be b/4 - 9/18. Let i be 5/(-2)*24/q. Calculate the greatest common factor of i and 12.
4
Let o = -3 - -6. Suppose 2*r + 3*n = -o*r + 25, 4*n - 25 = -5*r. What is the greatest common divisor of r and 5?
5
Let g be 3/(-15) + 258/(-10). Let a = 4 - g. Suppose 4*f - 18 = a. What is the greatest common factor of f and 48?
12
Let f = 20 - 1. What is the greatest common factor of f and 19?
19
Let z be 1 - -51 - 1/1. Let m be 4/(-20) - (-124)/20. Suppose 3*t - z = m. Calculate the greatest common divisor of 133 and t.
19
Let q be 4 - 3/((-6)/16). Let g be 63*1*3/(-3). Let r = 147 + g. Calculate the highest common factor of r and q.
12
Let c be (57/2)/(6/12). What is the greatest common factor of c and 38?
19
Suppose -84 = -10*f + 7*f. Suppose -4*m + b + 112 = 0, 3*m = -3*b + f + 56. What is the greatest common factor of m and 7?
7
Let d(c) = c**2 - 2*c - 4. Let h be d(-4). Calculate the greatest common factor of h and 4.
4
Let g(d) = 3*d**3 + 2*d**2 - d. Let u be g(2). Suppose -2*k + 98 - u = 0. Calculate the highest common divisor of 85 and k.
17
Let c(a) = a**2 - 7*a - 6. Let r be c(8). Calculate the greatest common divisor of 16 and r.
2
Let j be (-4)/18 + (-384)/(-27). Let z(w) = 3*w**2 - 10*w + 1. Let s be z(9). Calculate the greatest common divisor of s and j.
14
Suppose 146 - 56 = 3*d. Calculate the greatest common factor of d and 70.
10
Let a(j) = j**2 - 5. Let v be a(-4). Let c be 1 + 1 + -9 + 0. Let d be (-2)/c + (-10)/(-14). What is the highest common factor of v and d?
1
Let u be 16*5*(-6)/(-20). Calculate the highest common divisor of 120 and u.
24
Let j be 214/12 - 21/(-126). Suppose 0 = 5*m - q - 155, 37 - 99 = -2*m + 2*q. Let l = -22 + m. What is the highest common divisor of l and j?
9
Let o(w) = -4*w + 2. Suppose -2*g = -0*g + 4. Let u be o(g). Calculate the greatest common factor of 30 and u.
10
Suppose 3*b + 35 = 5*d - b, -2*b = d - 7. Let w = -6 - -13. What is the greatest common factor of d and w?
7
Suppose -11*g + 2*g + 126 = 0. Suppose 0*c = 2*c - 178. Let k = c + -47. Calculate the highest common divisor of g and k.
14
Suppose 4*u - 2 - 18 = 0. Suppose -o = m, -2*m + o - 8 = -u*m. Suppose 4*v = 3 - 15, 2*b - m*v - 24 = 0. Calculate the highest common divisor of b and 48.
6
Let o = 33 - 21. Calculate the highest common factor of 9 and o.
3
Let z(y) = 3*y**2. Let i be z(-1). Let g(t) = -t**3 + t**2 + 4. Let c be g(0). Suppose c*j = 5*j - 2. Calculate the greatest common divisor of i and j.
1
Let f = 10 + -6. Let x be -3 - f/((-4)/7). What is the greatest common divisor of 1 and x?
1
Let f(z) = 271*z**2 + 1. Let h be f(2). Let m be h/25 - (-6)/10. What is the highest common divisor of 22 and m?
22
Let v = 96 - 11. Let w = v + -37. Calculate the highest common divisor of 6 and w.
6
Let v(a) = -a - 8. Let h be v(-16). Calculate the highest common divisor of h and 8.
8
Let x(a) = 4*a - 34. Let s be x(16). What is the greatest common factor of 10 and s?
10
Suppose -12*f + 9*f = -36. What is the greatest common factor of f and 4?
4
Suppose 3*w = -0*w + 486. Calculate the greatest common divisor of w and 18.
18
Suppose -4*b = 7 - 19. Suppose 30 = -3*h + b*n, n = 4*h - 2*n + 35. Let u be 2 + h/((-5)/12). Calculate the highest common divisor of u and 21.
7
Let p = 4 + 0. Let i(b) = 3*b**2 + 4*b + 2. Let m be i(p). Let a = 11 - 5. What is the greatest common divisor of m and a?
6
Let t = 376 - 263. Suppose 2*u - 4 = 2. Suppose 3*g - t - 49 = u*h, 3*g + 4*h - 176 = 0. Calculate the greatest common divisor of 7 and g.
7
Let w = -19 - -36. Let k be (4/14)/(2/14). Suppose 0 = -k*g + 5*y + 133 + 144, 2*g - y = 273. What is the highest common divisor of g and w?
17
Let l = 73 + -45. Let r(j) = -3*j + 2. Let t be r(-4). What is the greatest common divisor of l and t?
14
Suppose 19 = 3*r + 58. Let a = r - -7. Let h be (-2 + 0)/(2/a). What is the highest common divisor of h and 24?
6
Let s(n) = -71*n**3 - n**2. Let a be s(1). Let b be (-4)/(-10) - a/(-30). Let z be (38/4)/((-1)/b). What is the greatest common factor of 152 and z?
19
Let i(n) = n**3 - 17*n**2 - n + 21. Let g be i(17). What is the greatest common factor of 44 and g?
4
Suppose -2*n + 6*b - b = -31, -3*n - 2*b = 1. Suppose 0 = 6*i - n*i - 18. Let m(t) = t + 2. Let r be m(i). Calculate the greatest common factor of 8 and r.
8
Let f be 21/(-1 - (-6)/5). What is the highest common divisor of f and 15?
15
Let p be (-2)/3*-1*21/2. Calculate the highest common factor of 49 and p.
7
Let s(p) = 8*p**2 - 4*p + 1. Let k be s(6). Calculate the greatest common divisor of k and 53.
53
Let s(z) = -z**2 + 8*z - 4. Suppose 5 = 3*r - 2*r. Let a be s(r). Calculate the greatest common divisor of 55 and a.
11
Let s be (-1)/(1*(-4)/2952). Let a be 2/(-11) - s/(-66). Let h be 8/6*(-33)/(-2). What is the greatest common factor of h and a?
11
Let b be (-68)/(-11) - 14/77. Calculate the greatest common divisor of 138 and b.
6
Let a be 2/(-11) + 735/231. What is the highest common factor of a and 6?
3
Let j be 4*-2*(-2)/2. Suppose j*t - 3*t - 10 = 0. Let v be (1 + t - -1)/2. Calculate the greatest common factor of 5 and v.
1
Suppose l = -4*l + 510. Let p = -72 + l. Calculate the highest common divisor of p and 10.
10
Let p(j) = j**3 + 17*j**2 - 20*j - 26. Let r be p(-18). Calculate the highest common factor of r and 60.
10
Let i = -5 + 9. Suppose 2*v - i = v. Let f be (2 + 0)*v/8. Calculate the greatest common divisor of 2 and f.
1
Suppose -2*a = 5*h - 46, 3*a - 2*a = -4*h + 20. Suppose 6*v = 10*v - a. What is the greatest common divisor of v and 63?
7
Let j be (160/(-12))/4*3. Let h = 6 - -13. Let z = j + h. What is the greatest common divisor of z and 6?
3
Let u = -11 + 29. Suppose 0 = 4*l - 48 - 36. Suppose l = 2*c + 9. What is the greatest common divisor of u and c?
6
Let z be (-56)/6*(-42)/4. Suppose 0 = -5*g - 2*m + 6*m - 1031, 617 = -3*g + 4*m. Let l be g/(-15) - 1/(-5). Calculate the greatest common divisor of z and l.
14
Let z be ((-3)/(-6))/((-2)/24). Let o be 6/4 - 3/z. What is the greatest common factor of o and 8?
2
Let m(y) = y + 2. Let j be m(4). Suppose b = -b + j. What is the greatest common factor of 1 and b?
1
Suppose -20 = -3*r + r. Suppose 2*m - 10 - 14 = -n, 5*n - 142 = m. Suppose 0 = 2*b - 52 - n. What is the highest common factor of r and b?
10
Suppose 3*g = 3*a - 246, -g + 2*a + 298 = -5*g. Let u = g + 168. Suppose 3*c - u = 2*c. What is the highest common factor of 13 and c?
13
Let t = 19 + -34. Suppose -66 = 2*f - 0*m - 2*m, 0 = 5*m. Let i be (f/t + -3)*-35. What is the highest common factor of 14 and i?
14
Let j be -13 + 8 - -59*1. Calculate the highest common divisor of j and 72.
18
Suppose -4*o - i + 722 = 0, -2*o + 6*i = 2*i - 352. Calculate the greatest common divisor of o and 20.
20
Suppose -2*o = 4 + 10. Let c(y) = y**3 + 10*y**2 - 3*y - 7. Let i be c(o). Calculate the highest common factor of 23 and i.
23
Let t = -36 - -53. What is the greatest common divisor of t and 357?
17
Suppose 14 = w - 28. Suppose -5*v = 2 - 32. Calculate the greatest common factor of w and v.
6
Let g(h) = 15*h + 4. Let o be g(4). What is the greatest common factor of o and 8?
8
Let h(c) = 3*c**2 - 3*c - 2. Let p be h(3). Let o be p/40 + 133/5. Calculate the greatest common divisor of o and 3.
3
Let u = -22 - -31. Suppose -4*j + 2*r - 8 = -2*r, -j + 6 = -5*r. Let t be 9/j*(-144)/4. Calculate the highest common divisor of t and u.
9
Suppose v + 0*v = 0. Suppose -2*r - 2*u + 30 = v, 3*r + r = 2*u + 42. Calculate the greatest common factor of r and 84.
12
Suppose -5*i + 9 + 6 = 0. Suppose 2*h + 2*h = -3*x, 0 = -x + i*h + 13. What is the highest common factor of 2 and x?
2
Let o = -129 - -208. Suppose -2*v = -o - 53. What is the greatest common divisor of v and 6?
6
Let f be (0 + -5)*21/(-35). Suppose 0 = -f*v + v + 60. Calculate the highest common factor of 5 and v.
5
Let l be ((-16)/5)/(-2)*10. Suppose 3*u = -9*a + 4*a + 1, -2*a + 4*u = -l. What is the highest common factor of a and 5?
1
Suppose 3*v - 2*t = 10 - 0, -t = -1. W